{"id":1046,"date":"2015-10-29T09:47:51","date_gmt":"2015-10-29T09:47:51","guid":{"rendered":"http:\/\/www.gruppomoras.com\/ventanas\/en\/empresa\/"},"modified":"2016-06-28T04:15:43","modified_gmt":"2016-06-28T04:15:43","slug":"company","status":"publish","type":"page","link":"https:\/\/www.gruppomoras.com\/ventanas\/en\/company\/","title":{"rendered":"Company"},"content":{"rendered":"<p>[vc_row cth_layout=&#8221;leftimage_sec&#8221; left_bg_img=&#8221;524&#8243; el_id=&#8221;sec1&#8243;][vc_column][vc_column_text]<\/p>\n<h2>Historia<\/h2>\n<div class=\"separator\"><\/div>\n<div class=\"clearfix\"><\/div>\n<p class=\"no-rep\">Fundada en 1948, MORAS ABERTURAS se ha dedicado a la producci\u00f3n y comercializaci\u00f3n de aberturas de alta calidad. Durante el transcurso de nuestra actividad hemos realizado obras de gran diversidad como viviendas residenciales, edificios, hoteles y shoppings.<\/p>\n<p class=\"no-rep\">Desde el a\u00f1o 2008 incorporamos la l\u00ednea de fachadas integrales, permiti\u00e9ndonos ofrecer soluciones de alta complejidad en grandes proyectos y desde 2013 afianzamos nuestra relaci\u00f3n comercial con la empresa alemana Sch\u00fcco International, represent\u00e1ndolos en Argentina con sus l\u00edneas completas de aluminio.<\/p>\n<p class=\"no-rep\">Destacamos de nuestros valores, la b\u00fasqueda de la excelencia en lo que hacemos y la innovaci\u00f3n constante para nuestro sector.<\/p>\n<p class=\"no-rep\">Creemos que el cuidado del medio ambiente es posible y a trav\u00e9s de nuestros sistemas de alta prestaci\u00f3n, nos vinculamos en la importancia del ahorro energ\u00e9tico y del uso racional de la energ\u00eda, comprometi\u00e9ndonos a generar mas y mejores soluciones para el presente y el futuro.<\/p>\n<div class=\"clearfix\"><\/div>\n<p>[\/vc_column_text][\/vc_column][\/vc_row][vc_row cth_layout=&#8221;leftimage_sec&#8221; el_id=&#8221;sec4&#8243; left_bg_img=&#8221;529&#8243;][vc_column][vc_row_inner equal_height=&#8221;yes&#8221;][vc_column_inner offset=&#8221;vc_col-md-6&#8243;][outdoor_service icon_class=&#8221;fa fa-sitemap&#8221; ser_photo=&#8221;529&#8243;]<\/p>\n<h4>ESTRUCTURA<\/h4>\n<div class=\"separator\"><\/div>\n<div class=\"clearfix\"><\/div>\n<p class=\"no-rep\">Nuestra planta industrial se encuentra estrat\u00e9gicamente ubicada en el Partido de Malvinas Argentinas de la Provincia de Buenos Aires.<\/p>\n<p class=\"no-rep\">Las instalaciones cuentan con 6.OOO M2 de planta industrial y 700 M2 de oficinas y showroom para apreciar nuestros productos en exhibici\u00f3n.<\/p>\n<p class=\"no-rep\">En nuestras lineas de producci\u00f3n disponemos del mejor equipamiento de maquinarias, permiti\u00e9ndonos la exactitud en los procesos productivos.<\/p>\n<div class=\"separator2\"><\/div>\n<div class=\"clearfix\"><\/div>\n<p>[\/outdoor_service][outdoor_service icon_class=&#8221;fa fa-cog&#8221; ser_photo=&#8221;525&#8243;]<\/p>\n<h4>SERVICIOS<\/h4>\n<div class=\"separator\"><\/div>\n<div class=\"clearfix\"><\/div>\n<p class=\"no-rep\">Centramos nuestros servicios en el asesoramiento, ingenier\u00eda, fabricaci\u00f3n e instalaci\u00f3n de todos nuestros productos.<\/p>\n<p>[\/outdoor_service][\/vc_column_inner][vc_column_inner offset=&#8221;vc_col-md-6&#8243;][outdoor_service icon_class=&#8221;fa fa-flag&#8221; ser_photo=&#8221;525&#8243;]<\/p>\n<h4>MISI\u00d3N<\/h4>\n<div class=\"separator\"><\/div>\n<div class=\"clearfix\"><\/div>\n<p class=\"no-rep\">Llevar a lo m\u00e1s alto, el nivel de calidad y aumentar el desarrollo innovador, junto a nuevas infraestructuras tecnol\u00f3gicas.<\/p>\n<p class=\"no-rep\">Dejar en herencia un mundo mas habitable a las generaciones siguientes, con productos de alta tecnolog\u00eda y contribuyendo a la disminuci\u00f3n del cambio clim\u00e1tico, respetando el equilibrio ecol\u00f3gico.<\/p>\n<div class=\"separator2\"><\/div>\n<div class=\"clearfix\"><\/div>\n<p>[\/outdoor_service][outdoor_service icon_class=&#8221;fa fa-flag&#8221; ser_photo=&#8221;529&#8243;]<\/p>\n<h4>VISI\u00d3N<\/h4>\n<div class=\"separator\"><\/div>\n<div class=\"clearfix\"><\/div>\n<p class=\"no-rep\">MORAS tiene centrada su actividad en la producci\u00f3n de ventanas de excelente calidad y prestaci\u00f3n.<\/p>\n<p class=\"no-rep\">Se guimos fielmente una l\u00ednea de innovaci\u00f3n y tecnolog\u00eda consiguiendo ser l\u00edder en el sector.<\/p>\n<p class=\"no-rep\">MORAS continuar\u00e1 su desarrollo, utilizando de manera efectiva los recursos de nuestro pa\u00eds, sumandolos a su experiencia en calidad y servicio.<\/p>\n<p>[\/outdoor_service][\/vc_column_inner][\/vc_row_inner][\/vc_column][\/vc_row][vc_row cth_layout=&#8221;page_sec&#8221; el_id=&#8221;sec3&#8243;][vc_column css=&#8221;.vc_custom_1446216956105{margin-bottom: 50px !important;}&#8221;][vc_column_text el_class=&#8221;title-moras&#8221;]<\/p>\n<div class=\"separator-line\"><\/div>\n<h2>PUNTOS DE VENTA<\/h2>\n<div class=\"separator-line\"><\/div>\n<p>[\/vc_column_text][\/vc_column][vc_column width=&#8221;1\/3&#8243; css=&#8221;.vc_custom_1446216982439{padding-top: 20px !important;padding-bottom: 20px !important;}&#8221;][outdoor_member name=&#8221;Planta Industrial y Showroom&#8221; job=&#8221;<\/p>\n<h4>Acceso Norte Ramal Pilar 4267, Pablo Nogu\u00e9s \u2013 Buenos Aires<\/h4>\n<p>&#8221; photo=&#8221;532&#8243;][\/outdoor_member][\/vc_column][vc_column width=&#8221;1\/3&#8243; css=&#8221;.vc_custom_1446216988210{padding-top: 20px !important;padding-bottom: 20px !important;}&#8221;][outdoor_member name=&#8221;Suc. Zona Norte&#8221; job=&#8221;<\/p>\n<h4>Av. Del Libertador 15020, Acassuso \u2013 Buenos Aires<\/h4>\n<p>&#8221; photo=&#8221;534&#8243;][\/outdoor_member][\/vc_column][vc_column width=&#8221;1\/3&#8243; css=&#8221;.vc_custom_1446216994430{padding-top: 20px !important;padding-bottom: 20px !important;}&#8221;][outdoor_member name=&#8221;Suc. Capital Federal&#8221; job=&#8221;<\/p>\n<h4>Av. Del Libertador 6701, CABA \u2013 Buenos Aires<\/h4>\n<p>&#8221; photo=&#8221;533&#8243;][\/outdoor_member][\/vc_column][\/vc_row]<\/p>\n","protected":false},"excerpt":{"rendered":"<p>[vc_row cth_layout=&#8221;leftimage_sec&#8221; left_bg_img=&#8221;524&#8243; el_id=&#8221;sec1&#8243;][vc_column][vc_column_text] Historia Fundada en 1948, MORAS ABERTURAS se ha dedicado a la producci\u00f3n y comercializaci\u00f3n de aberturas [&hellip;]<\/p>\n","protected":false},"author":3,"featured_media":0,"parent":0,"menu_order":2,"comment_status":"closed","ping_status":"closed","template":"template-company.php","meta":[],"yoast_head":"<!-- This site is optimized with the Yoast SEO plugin v20.2.1 - https:\/\/yoast.com\/wordpress\/plugins\/seo\/ -->\n<title>Company - Gruppo Moras - Ventanas - Curtain Wall<\/title>\n<meta name=\"robots\" content=\"index, follow, max-snippet:-1, max-image-preview:large, max-video-preview:-1\" \/>\n<link rel=\"canonical\" href=\"https:\/\/www.gruppomoras.com\/ventanas\/company\/\" \/>\n<meta property=\"og:locale\" content=\"es_ES\" \/>\n<meta property=\"og:type\" content=\"article\" \/>\n<meta property=\"og:title\" content=\"Company - Gruppo Moras - Ventanas - Curtain Wall\" \/>\n<meta property=\"og:description\" content=\"[vc_row cth_layout=&#8221;leftimage_sec&#8221; left_bg_img=&#8221;524&#8243; el_id=&#8221;sec1&#8243;][vc_column][vc_column_text] Historia Fundada en 1948, MORAS ABERTURAS se ha dedicado a la producci\u00f3n y comercializaci\u00f3n de aberturas [&hellip;]\" \/>\n<meta property=\"og:url\" content=\"https:\/\/www.gruppomoras.com\/ventanas\/en\/company\/\" \/>\n<meta property=\"og:site_name\" content=\"Gruppo Moras - Ventanas - Curtain Wall\" \/>\n<meta property=\"article:modified_time\" content=\"2016-06-28T04:15:43+00:00\" \/>\n<meta name=\"twitter:card\" content=\"summary_large_image\" \/>\n<meta name=\"twitter:label1\" content=\"Tiempo de lectura\" \/>\n\t<meta name=\"twitter:data1\" content=\"3 minutos\" \/>\n<script type=\"application\/ld+json\" class=\"yoast-schema-graph\">{\"@context\":\"https:\/\/schema.org\",\"@graph\":[{\"@type\":\"WebPage\",\"@id\":\"https:\/\/www.gruppomoras.com\/ventanas\/en\/company\/\",\"url\":\"https:\/\/www.gruppomoras.com\/ventanas\/en\/company\/\",\"name\":\"Company - Gruppo Moras - Ventanas - Curtain Wall\",\"isPartOf\":{\"@id\":\"https:\/\/www.gruppomoras.com\/ventanas\/#website\"},\"datePublished\":\"2015-10-29T09:47:51+00:00\",\"dateModified\":\"2016-06-28T04:15:43+00:00\",\"breadcrumb\":{\"@id\":\"https:\/\/www.gruppomoras.com\/ventanas\/en\/company\/#breadcrumb\"},\"inLanguage\":\"es-AR\",\"potentialAction\":[{\"@type\":\"ReadAction\",\"target\":[\"https:\/\/www.gruppomoras.com\/ventanas\/en\/company\/\"]}]},{\"@type\":\"BreadcrumbList\",\"@id\":\"https:\/\/www.gruppomoras.com\/ventanas\/en\/company\/#breadcrumb\",\"itemListElement\":[{\"@type\":\"ListItem\",\"position\":1,\"name\":\"Home\",\"item\":\"https:\/\/www.gruppomoras.com\/ventanas\/\"},{\"@type\":\"ListItem\",\"position\":2,\"name\":\"Company\"}]},{\"@type\":\"WebSite\",\"@id\":\"https:\/\/www.gruppomoras.com\/ventanas\/#website\",\"url\":\"https:\/\/www.gruppomoras.com\/ventanas\/\",\"name\":\"Gruppo Moras - Ventanas - Curtain Wall\",\"description\":\"\",\"potentialAction\":[{\"@type\":\"SearchAction\",\"target\":{\"@type\":\"EntryPoint\",\"urlTemplate\":\"https:\/\/www.gruppomoras.com\/ventanas\/?s={search_term_string}\"},\"query-input\":\"required name=search_term_string\"}],\"inLanguage\":\"es-AR\"}]}<\/script>\n<!-- \/ Yoast SEO plugin. -->","yoast_head_json":{"title":"Company - Gruppo Moras - Ventanas - Curtain Wall","robots":{"index":"index","follow":"follow","max-snippet":"max-snippet:-1","max-image-preview":"max-image-preview:large","max-video-preview":"max-video-preview:-1"},"canonical":"https:\/\/www.gruppomoras.com\/ventanas\/company\/","og_locale":"es_ES","og_type":"article","og_title":"Company - Gruppo Moras - Ventanas - Curtain Wall","og_description":"[vc_row cth_layout=&#8221;leftimage_sec&#8221; left_bg_img=&#8221;524&#8243; el_id=&#8221;sec1&#8243;][vc_column][vc_column_text] Historia Fundada en 1948, MORAS ABERTURAS se ha dedicado a la producci\u00f3n y comercializaci\u00f3n de aberturas [&hellip;]","og_url":"https:\/\/www.gruppomoras.com\/ventanas\/en\/company\/","og_site_name":"Gruppo Moras - Ventanas - Curtain Wall","article_modified_time":"2016-06-28T04:15:43+00:00","twitter_card":"summary_large_image","twitter_misc":{"Tiempo de lectura":"3 minutos"},"schema":{"@context":"https:\/\/schema.org","@graph":[{"@type":"WebPage","@id":"https:\/\/www.gruppomoras.com\/ventanas\/en\/company\/","url":"https:\/\/www.gruppomoras.com\/ventanas\/en\/company\/","name":"Company - Gruppo Moras - Ventanas - Curtain Wall","isPartOf":{"@id":"https:\/\/www.gruppomoras.com\/ventanas\/#website"},"datePublished":"2015-10-29T09:47:51+00:00","dateModified":"2016-06-28T04:15:43+00:00","breadcrumb":{"@id":"https:\/\/www.gruppomoras.com\/ventanas\/en\/company\/#breadcrumb"},"inLanguage":"es-AR","potentialAction":[{"@type":"ReadAction","target":["https:\/\/www.gruppomoras.com\/ventanas\/en\/company\/"]}]},{"@type":"BreadcrumbList","@id":"https:\/\/www.gruppomoras.com\/ventanas\/en\/company\/#breadcrumb","itemListElement":[{"@type":"ListItem","position":1,"name":"Home","item":"https:\/\/www.gruppomoras.com\/ventanas\/"},{"@type":"ListItem","position":2,"name":"Company"}]},{"@type":"WebSite","@id":"https:\/\/www.gruppomoras.com\/ventanas\/#website","url":"https:\/\/www.gruppomoras.com\/ventanas\/","name":"Gruppo Moras - Ventanas - Curtain Wall","description":"","potentialAction":[{"@type":"SearchAction","target":{"@type":"EntryPoint","urlTemplate":"https:\/\/www.gruppomoras.com\/ventanas\/?s={search_term_string}"},"query-input":"required name=search_term_string"}],"inLanguage":"es-AR"}]}},"_links":{"self":[{"href":"https:\/\/www.gruppomoras.com\/ventanas\/wp-json\/wp\/v2\/pages\/1046"}],"collection":[{"href":"https:\/\/www.gruppomoras.com\/ventanas\/wp-json\/wp\/v2\/pages"}],"about":[{"href":"https:\/\/www.gruppomoras.com\/ventanas\/wp-json\/wp\/v2\/types\/page"}],"author":[{"embeddable":true,"href":"https:\/\/www.gruppomoras.com\/ventanas\/wp-json\/wp\/v2\/users\/3"}],"replies":[{"embeddable":true,"href":"https:\/\/www.gruppomoras.com\/ventanas\/wp-json\/wp\/v2\/comments?post=1046"}],"version-history":[{"count":0,"href":"https:\/\/www.gruppomoras.com\/ventanas\/wp-json\/wp\/v2\/pages\/1046\/revisions"}],"wp:attachment":[{"href":"https:\/\/www.gruppomoras.com\/ventanas\/wp-json\/wp\/v2\/media?parent=1046"}],"curies":[{"name":"wp","href":"https:\/\/api.w.org\/{rel}","templated":true}]}}

<p>[vc_row cth_layout=&#8221;leftimage_sec&#8221; left_bg_img=&#8221;524&#8243; el_id=&#8221;sec1&#8243;][vc_column][vc_column_text]</p>
<h2>Historia</h2>
<div class="separator"></div>
<div class="clearfix"></div>
<p class="no-rep">Fundada en 1948, MORAS ABERTURAS se ha dedicado a la producción y comercialización de aberturas de alta calidad. Durante el transcurso de nuestra actividad hemos realizado obras de gran diversidad como viviendas residenciales, edificios, hoteles y shoppings.</p>
<p class="no-rep">Desde el año 2008 incorporamos la línea de fachadas integrales, permitiéndonos ofrecer soluciones de alta complejidad en grandes proyectos y desde 2013 afianzamos nuestra relación comercial con la empresa alemana Schüco International, representándolos en Argentina con sus líneas completas de aluminio.</p>
<p class="no-rep">Destacamos de nuestros valores, la búsqueda de la excelencia en lo que hacemos y la innovación constante para nuestro sector.</p>
<p class="no-rep">Creemos que el cuidado del medio ambiente es posible y a través de nuestros sistemas de alta prestación, nos vinculamos en la importancia del ahorro energético y del uso racional de la energía, comprometiéndonos a generar mas y mejores soluciones para el presente y el futuro.</p>
<div class="clearfix"></div>
<p>[/vc_column_text][/vc_column][/vc_row][vc_row cth_layout=&#8221;leftimage_sec&#8221; el_id=&#8221;sec4&#8243; left_bg_img=&#8221;529&#8243;][vc_column][vc_row_inner equal_height=&#8221;yes&#8221;][vc_column_inner offset=&#8221;vc_col-md-6&#8243;][outdoor_service icon_class=&#8221;fa fa-sitemap&#8221; ser_photo=&#8221;529&#8243;]</p>
<h4>ESTRUCTURA</h4>
<div class="separator"></div>
<div class="clearfix"></div>
<p class="no-rep">Nuestra planta industrial se encuentra estratégicamente ubicada en el Partido de Malvinas Argentinas de la Provincia de Buenos Aires.</p>
<p class="no-rep">Las instalaciones cuentan con 6.OOO M2 de planta industrial y 700 M2 de oficinas y showroom para apreciar nuestros productos en exhibición.</p>
<p class="no-rep">En nuestras lineas de producción disponemos del mejor equipamiento de maquinarias, permitiéndonos la exactitud en los procesos productivos.</p>
<div class="separator2"></div>
<div class="clearfix"></div>
<p>[/outdoor_service][outdoor_service icon_class=&#8221;fa fa-cog&#8221; ser_photo=&#8221;525&#8243;]</p>
<h4>SERVICIOS</h4>
<div class="separator"></div>
<div class="clearfix"></div>
<p class="no-rep">Centramos nuestros servicios en el asesoramiento, ingeniería, fabricación e instalación de todos nuestros productos.</p>
<p>[/outdoor_service][/vc_column_inner][vc_column_inner offset=&#8221;vc_col-md-6&#8243;][outdoor_service icon_class=&#8221;fa fa-flag&#8221; ser_photo=&#8221;525&#8243;]</p>
<h4>MISIÓN</h4>
<div class="separator"></div>
<div class="clearfix"></div>
<p class="no-rep">Llevar a lo más alto, el nivel de calidad y aumentar el desarrollo innovador, junto a nuevas infraestructuras tecnológicas.</p>
<p class="no-rep">Dejar en herencia un mundo mas habitable a las generaciones siguientes, con productos de alta tecnología y contribuyendo a la disminución del cambio climático, respetando el equilibrio ecológico.</p>
<div class="separator2"></div>
<div class="clearfix"></div>
<p>[/outdoor_service][outdoor_service icon_class=&#8221;fa fa-flag&#8221; ser_photo=&#8221;529&#8243;]</p>
<h4>VISIÓN</h4>
<div class="separator"></div>
<div class="clearfix"></div>
<p class="no-rep">MORAS tiene centrada su actividad en la producción de ventanas de excelente calidad y prestación.</p>
<p class="no-rep">Se guimos fielmente una línea de innovación y tecnología consiguiendo ser líder en el sector.</p>
<p class="no-rep">MORAS continuará su desarrollo, utilizando de manera efectiva los recursos de nuestro país, sumandolos a su experiencia en calidad y servicio.</p>
<p>[/outdoor_service][/vc_column_inner][/vc_row_inner][/vc_column][/vc_row][vc_row cth_layout=&#8221;page_sec&#8221; el_id=&#8221;sec3&#8243;][vc_column css=&#8221;.vc_custom_1446216956105{margin-bottom: 50px !important;}&#8221;][vc_column_text el_class=&#8221;title-moras&#8221;]</p>
<div class="separator-line"></div>
<h2>PUNTOS DE VENTA</h2>
<div class="separator-line"></div>
<p>[/vc_column_text][/vc_column][vc_column width=&#8221;1/3&#8243; css=&#8221;.vc_custom_1446216982439{padding-top: 20px !important;padding-bottom: 20px !important;}&#8221;][outdoor_member name=&#8221;Planta Industrial y Showroom&#8221; job=&#8221;</p>
<h4>Acceso Norte Ramal Pilar 4267, Pablo Nogués – Buenos Aires</h4>
<p>&#8221; photo=&#8221;532&#8243;][/outdoor_member][/vc_column][vc_column width=&#8221;1/3&#8243; css=&#8221;.vc_custom_1446216988210{padding-top: 20px !important;padding-bottom: 20px !important;}&#8221;][outdoor_member name=&#8221;Suc. Zona Norte&#8221; job=&#8221;</p>
<h4>Av. Del Libertador 15020, Acassuso – Buenos Aires</h4>
<p>&#8221; photo=&#8221;534&#8243;][/outdoor_member][/vc_column][vc_column width=&#8221;1/3&#8243; css=&#8221;.vc_custom_1446216994430{padding-top: 20px !important;padding-bottom: 20px !important;}&#8221;][outdoor_member name=&#8221;Suc. Capital Federal&#8221; job=&#8221;</p>
<h4>Av. Del Libertador 6701, CABA – Buenos Aires</h4>
<p>&#8221; photo=&#8221;533&#8243;][/outdoor_member][/vc_column][/vc_row]</p>

<p>[vc_row cth_layout=&#8221;leftimage_sec&#8221; left_bg_img=&#8221;524&#8243; el_id=&#8221;sec1&#8243;][vc_column][vc_column_text] Historia Fundada en 1948, MORAS ABERTURAS se ha dedicado a la producción y comercialización de aberturas [&hellip;]</p>

<!-- This site is optimized with the Yoast SEO plugin v20.2.1 - https://yoast.com/wordpress/plugins/seo/ -->
<title>Company - Gruppo Moras - Ventanas - Curtain Wall</title>
<meta name="robots" content="index, follow, max-snippet:-1, max-image-preview:large, max-video-preview:-1" />
<link rel="canonical" href="https://www.gruppomoras.com/ventanas/company/" />
<meta property="og:locale" content="es_ES" />
<meta property="og:type" content="article" />
<meta property="og:title" content="Company - Gruppo Moras - Ventanas - Curtain Wall" />
<meta property="og:description" content="[vc_row cth_layout=&#8221;leftimage_sec&#8221; left_bg_img=&#8221;524&#8243; el_id=&#8221;sec1&#8243;][vc_column][vc_column_text] Historia Fundada en 1948, MORAS ABERTURAS se ha dedicado a la producción y comercialización de aberturas [&hellip;]" />
<meta property="og:url" content="https://www.gruppomoras.com/ventanas/en/company/" />
<meta property="og:site_name" content="Gruppo Moras - Ventanas - Curtain Wall" />
<meta property="article:modified_time" content="2016-06-28T04:15:43+00:00" />
<meta name="twitter:card" content="summary_large_image" />
<meta name="twitter:label1" content="Tiempo de lectura" />
	<meta name="twitter:data1" content="3 minutos" />
<script type="application/ld+json" class="yoast-schema-graph">{"@context":"https://schema.org","@graph":[{"@type":"WebPage","@id":"https://www.gruppomoras.com/ventanas/en/company/","url":"https://www.gruppomoras.com/ventanas/en/company/","name":"Company - Gruppo Moras - Ventanas - Curtain Wall","isPartOf":{"@id":"https://www.gruppomoras.com/ventanas/#website"},"datePublished":"2015-10-29T09:47:51+00:00","dateModified":"2016-06-28T04:15:43+00:00","breadcrumb":{"@id":"https://www.gruppomoras.com/ventanas/en/company/#breadcrumb"},"inLanguage":"es-AR","potentialAction":[{"@type":"ReadAction","target":["https://www.gruppomoras.com/ventanas/en/company/"]}]},{"@type":"BreadcrumbList","@id":"https://www.gruppomoras.com/ventanas/en/company/#breadcrumb","itemListElement":[{"@type":"ListItem","position":1,"name":"Home","item":"https://www.gruppomoras.com/ventanas/"},{"@type":"ListItem","position":2,"name":"Company"}]},{"@type":"WebSite","@id":"https://www.gruppomoras.com/ventanas/#website","url":"https://www.gruppomoras.com/ventanas/","name":"Gruppo Moras - Ventanas - Curtain Wall","description":"","potentialAction":[{"@type":"SearchAction","target":{"@type":"EntryPoint","urlTemplate":"https://www.gruppomoras.com/ventanas/?s={search_term_string}"},"query-input":"required name=search_term_string"}],"inLanguage":"es-AR"}]}</script>
<!-- / Yoast SEO plugin. -->

[vc_row cth_layout=&#8221;leftimage_sec&#8221; left_bg_img=&#8221;524&#8243; el_id=&#8221;sec1&#8243;][vc_column][vc_column_text] Historia Fundada en 1948, MORAS ABERTURAS se ha dedicado a la producción y comercialización de aberturas [&hellip;]
